. Suppose 0*d = -4*d + 3*v - 7, 0 = -2*d - 2*v. Let h = -75 + 108. Calculate the remainder when k(d) is divided by h.
30
Suppose 0 = 3*h + 21, -5*y + 22384 = 5*h + 5794. Calculate the remainder when y is divided by 104.
101
Let n(c) = c**3 - 4*c**2 + 5*c - 4. Let p be n(3). Let y be (-28 + 26)/(p/(1 + 17)). Calculate the remainder when (-4 - -1)*156/y is divided by 5.
1
Suppose k = f - 447, -9*k = 3*f - 4*k - 1365. Let l be 4*1 - f/25. Calculate the remainder when 36 is divided by -6 - -3 - (l - 2/1).
10
Let x(a) = 12*a - 44. Let i = -91 - -87. Let f be 2*i*(5 - 6). What is the remainder when x(f) is divided by 11?
8
Let a = -717 - -818. Calculate the remainder when a is divided by 47.
7
Let i(d) = -31 + 7*d**2 - 5*d - 13*d**2 + 7*d**2. Let b(l) = l**3 - 16*l**2 + 29*l - 8. Calculate the remainder when i(-7) is divided by b(14).
5
Suppose -13*z + 180 = -z. Suppose z*t - 63 = 8*t. What is the remainder when 52 is divided by t?
7
Let q = 4436 - 4232. What is the remainder when q is divided by 103?
101
Let z(p) = p**3 - 8*p**2 - 10*p + 1. Let v = -311 - -605. Suppose 91 = 301*d - v*d. Calculate the remainder when z(10) is divided by d.
10
Let n = -67 + 111. Let c(j) = -j**3 - 4*j**2 + 5*j - 4. Let a be c(-8). Let y = -38 + a. Calculate the remainder when y is divided by n.
42
Let w(p) = 3*p + 16. Let n(r) be the second derivative of -r**3/6 - 4*r**2 + 3*r. Let s(a) = 13*n(a) + 6*w(a). What is the remainder when 46 is divided by s(4)?
10
Let h(k) = 5*k**2 + 22*k + 39. Suppose -25*a + 20*a - 10 = 0. What is the remainder when 269 is divided by h(a)?
14
Let g(t) be the second derivative of 2*t**3/3 - 93*t**2/2 - 58*t. Calculate the remainder when 115 is divided by g(27).
10
Suppose -90*p + 22*p = -39*p - 3712. What is the remainder when 760 is divided by p?
120
Let g = -133 + 936. Calculate the remainder when g is divided by 206.
185
Suppose 1899 = -160*z + 3309 + 6590. Calculate the remainder when 456 is divided by z.
6
Suppose -51*u + 221005 = -92594. Calculate the remainder when u is divided by 50.
49
Let x(h) = -h**3 - h**2 - 7*h - 14. Let o be x(-2). What is the remainder when 45 is divided by 4176/216 + o/(-3)?
9
Let u(f) = 12*f - 229. Let q be u(30). What is the remainder when q - -4 - (-19 - -12) is divided by 25?
17
What is the remainder when ((-36)/(-8))/(113145/12570 - 9) is divided by 20?
11
Let d = -305 + 307. Suppose 1 = -d*q + 49. Calculate the remainder when 213 is divided by q.
21
Suppose 5*a = -6*q + 9*q + 618, -a = 5*q - 174. Calculate the remainder when 1375 is divided by a.
85
Suppose -3*b - 15 = -4*m, -5*m + 4*m - 25 = 5*b. Suppose m = 16*q - 625 - 111. What is the remainder when q is divided by 13?
7
Let n = 652 + -412. Let i = n - 216. Calculate the remainder when 236 is divided by i.
20
What is the remainder when 4842 is divided by 3/5 + -26 + 2844/60 + -5?
14
Let l = -94 + 97. Let q = -6 - -50. Suppose 134 = l*w + 4*r - q, 5*w + 3*r - 282 = 0. What is the remainder when w is divided by 14?
12
Let i be (-1 - 99/15)/(3/(-15)). Let r = i - -8. Let p = 12 + 13. Calculate the remainder when r is divided by p.
21
Suppose 438*t = -36*t - 60610 + 396202. Calculate the remainder when t is divided by 177.
0
What is the remainder when 24890 is divided by ((-42)/(-9) - (6 - (21 + -16)))*3?
8
What is the remainder when (168/672)/(2/6896) is divided by 15?
7
Let z(r) = -12*r**3 - 2*r**2 - r. Suppose 15 = -5*n - 4*k - 0*k, -5*k - 25 = 0. What is the remainder when 21*(n - -5)*11/22 is divided by z(-1)?
8
Let l = -886 + 1033. What is the remainder when 895 is divided by l?
13
Let s = 13249 - 13101. What is the remainder when 1486 is divided by s?
6
Let n(t) = -15*t**2 - 2*t - 3. Let v be n(-3). Let h(o) = 103*o - 14. Let s be h(-2). Let f = v - s. Calculate the remainder when f is divided by 18.
16
What is the remainder when (4 + (-48)/15)/((-10)/(-1175)) is divided by 24?
22
Suppose 5*l - 59 = 32*j - 29*j, l - 3 = 5*j. Let b(z) = z**3 - 7*z**2 + 17*z - 53. Calculate the remainder when b(l) is divided by 74.
72
Let q(g) = -12*g + g**3 - 5*g**2 - 8 + 8*g - 2. Let x be q(6). Suppose -x*u + 16 + 10 = 0. Calculate the remainder when 51 is divided by u.
12
Let d be (1 - 0)*(2 + -1). Suppose p - d = 0, 8 + 120 = 2*l + 4*p. Suppose -4*b = -l - 278. What is the remainder when b is divided by 29?
27
Suppose -4*j = -3*z - 3851, 5*j - z + 3*z - 4785 = 0. Calculate the remainder when j is divided by 23.
16
Let g = -3131 + 3164. Calculate the remainder when 210 is divided by g.
12
Let t(a) = 47*a + 838. Let i = -11 - -19. What is the remainder when t(-17) is divided by i?
7
Let c be ((-1)/6)/(8/(-24))*4. Suppose 2 = i, 130 = 2*h - 0*h + 5*i. Calculate the remainder when h is divided by (-10)/5*c*(-44)/8.
16
Suppose -5*y = 5*t - 3*y - 172, 2*y - 70 = -2*t. Suppose -30*i + 1066 = 36*i - 25*i. What is the remainder when t is divided by i?
8
Suppose 5*o = -4*i + 2*i + 4, 5*i - 10 = -3*o. What is the remainder when 104 is divided by (o*(-4)/(-12) + -1)*-35?
34
Suppose 7*p = 9*p + 84. Let a = 44 + p. Suppose -2*h + 44 = -a*t, 4*t = 10 + 10. Calculate the remainder when 161 is divided by h.
26
Suppose 3*m = -4*y + 403, 0 = 3*y + 5*m - 89 - 216. What is the remainder when 289 is divided by y?
89
Suppose -229 = 5*b + 16. Let c = 61 + b. Calculate the remainder when 92 is divided by c.
8
Suppose c - 4*q = q + 46, 78 = 2*c + 4*q. What is the remainder when 611 is divided by c?
37
Suppose -2*k + 1804 = -14*k + 34*k. Calculate the remainder when k is divided by 12*1 + (-12)/(-6).
12
Let u(p) = 40*p**2 - 73*p + 49. What is the remainder when u(-9) is divided by 12?
10
Suppose -848 = -9*y - 621 + 1078. What is the remainder when 666 is divided by y?
86
Let v(h) be the first derivative of 33*h**3 - h**2/2 - h + 42. Calculate the remainder when v(-1) is divided by 18.
9
Let a(x) = x**3 + 87*x**2 + 80*x + 21. Calculate the remainder when a(-86) is divided by 21.
12
Suppose -2*m + 620 = -2*k, -3*k + 357 = m + 51. What is the remainder when m is divided by 5?
4
Let n = -58 - -97. Let b(x) = 6*x**2 + 4*x - 2. Calculate the remainder when n is divided by b(-2).
11
Suppose 0 = 5*v - r - 165, 3*v - 208*r - 122 = -212*r. What is the remainder when 2206 is divided by v?
30
Let i = 419 - 282. Let x = 142 - i. What is the remainder when 32 is divided by x?
2
Let l(y) = -10*y - 5. Let t be l(-1). Suppose 0 = t*v - 79 - 71. Calculate the remainder when 88 is divided by 2/(-10) + (516/v - 2).
13
Let o(s) = -6*s**2 - 55*s + 149. Calculate the remainder when o(-6) is divided by 62.
15
What is the remainder when ((-141)/(-4))/((-9)/(-1152)) is divided by 18?
12
Let t be 5/15 + (3 - 56/(-3)). Let o be (-1 - (-2 + -1))*(t + -20). Suppose -3*w + 1 = -5, -5*w = -o*x + 26. Calculate the remainder when 23 is divided by x.
5
Let w be ((-38)/(-10) + -3)/((-4)/(-20)). Suppose w*p = 218 - 34. What is the remainder when p is divided by 6?
4
Let p be (0/(-2))/(-1 - -2). Let l = p + 2. Let f = 22549 - 22536. Calculate the remainder when f is divided by l.
1
Let j be (8 - 4)/2*1. Suppose -3*f - j = -f, 0 = -2*x - 2*f + 280. Suppose a = -3*d + x, d + 3*a + 19 = 58. Calculate the remainder when d is divided by 18.
12
Let x = -2760 + 2803. What is the remainder when 3825 is divided by x?
41
Suppose -9*g = 259*g - 1861 - 3499. Let x(h) = 23*h**2 + 2*h + 1. Calculate the remainder when x(-1) is divided by g.
2
Let y = -3188 + 3274. What is the remainder when 265 is divided by y?
7
Let s(m) = 5*m**3 + m**2 - 6*m - 15. Let a be s(0). Let x = 16 - a. What is the remainder when 183 is divided by x?
28
Let d(v) = 15*v**2 + 9*v - 1. Let u be d(-1). Suppose 2*l + 99 = 3*p, u*p = l + 84 + 74. Calculate the remainder when 272 is divided by p.
24
Let b = -150 - -154. Suppose b*v + 9*j = 12*j + 461, -5*v - 2*j + 559 = 0. Suppose -6*k = -k - 145. Calculate the remainder when v is divided by k.
26
Suppose -38*d + 47*d + 180 = 0. Let t = 68 + 5. What is the remainder when t is divided by (1 + (2 - -54))*d/(-30)?
35
Let c = 25 + -22. Suppose c*b = 2*j + 12, -2*j - 22 = -0*j + 2*b. Let u = j - -18. What is the remainder when 43 is divided by u?
7
Let u = 102 + -107. Let p be ((-12875)/55)/u - (-4)/22. Suppose -4*m + p = -69. Calculate the remainder when m is divided by 11.
7
Let t = -1747 - -2819. What is the remai